89
What is 273974 (base 13) in base 3?
1210022010212
What is -2238 (base 16) in base 10?
-8760
Convert 1342120 (base 5) to base 8.
66211
Convert 304bea (base 16) to base 12.
1087836
What is -675698 (base 10) in base 4?
-2210331302
What is 923454 (base 12) in base 11?
1322105
Convert 10223231121 (base 4) to base 12.
4b2509
Convert -110000010111111100001 (base 2) to base 15.
-2149eb
What is -3b603 (base 16) in base 12?
-b88ab
What is -10011010002 (base 3) in base 4?
-33021200
18b5417 (base 12) to base 2
10011111000111100010011
1939b0 (base 12) to base 2
1101011111011010100
-59406 (base 11) to base 16
-14eaa
Convert -77c9 (base 16) to base 15.
-9145
What is -271322 (base 9) in base 3?
-22101100202
-6e8e5 (base 15) to base 3
-122221020122
What is -842448 (base 9) in base 13?
-146a41
What is -102871 (base 11) in base 4?
-220032113
What is -2120211112 (base 3) in base 14?
-147a5
Convert 2120110011 (base 4) to base 3.
1011200210120
-14351155 (base 6) to base 8
-1712017
What is -138c6ac (base 15) in base 6?
-1222314430
What is -30cc47 (base 14) in base 10?
-1648815
-4140496 (base 10) to base 5
-2024443441
What is 1aa445 (base 13) in base 9?
1245217
2041241 (base 5) to base 4
20102122
Convert 1100000000100111001 (base 2) to base 15.
7b904
Convert 11105401 (base 6) to base 13.
b999b
Convert -10486452 (base 10) to base 14.
-156d844
-11432053 (base 6) to base 14
-95d29
What is 4231624 (base 7) in base 15?
a1acd
What is 1c8c3 (base 15) in base 11?
63a54
What is 331764 (base 8) in base 16?
1b3f4
11121002202 (base 3) to base 11
61a76
2402035 (base 7) to base 13
a8040
1010101100101001000 (base 2) to base 9
583754
-11001101000000011 (base 2) to base 5
-11324323
What is 1001868 (base 15) in base 5?
10404132043
Convert 750454 (base 8) to base 10.
250156
What is -1313123212 (base 4) in base 6?
-14252434
Convert 3a0ecb (base 16) to base 2.
1110100000111011001011
What is b2218 (base 13) in base 2?
1001101110111001100
Convert 3468148 (base 10) to base 13.
945778
-1011110111111100111 (base 2) to base 10
-389095
What is 424503 (base 6) in base 3?
1202122210
What is 2246047 (base 9) in base 5?
302233031
326135 (base 7) to base 6
1121312
6719c0 (base 13) to base 11
1410959
What is -9a29 (base 13) in base 2?
-101001111111010
What is 48330 (base 9) in base 11?
22336
What is 76dd6a (base 16) in base 12?
273808a
What is 1002300322 (base 4) in base 16?
42c3a
Convert 5326337 (base 8) to base 10.
1420511
-a92a8 (base 14) to base 8
-1437464
Convert -2135154 (base 7) to base 10.
-261111
Convert -66799 (base 12) to base 7.
-1104144
What is 603a5 (base 13) in base 7?
1314324
What is 940532 (base 12) in base 5?
1043320230
120042243 (base 6) to base 8
10441123
Convert 9ed5c (base 16) to base 4.
2132311130
96251 (base 11) to base 9
233104
What is -44313224 (base 5) in base 9?
-646645
23182808 (base 9) to base 10
11273912
What is 4a19a6 (base 14) in base 15?
35295a
What is -8cfe6 (base 16) in base 7?
-4623463
Convert -640140 (base 8) to base 4.
-310001200
Convert 106099 (base 10) to base 15.
21684
2446989 (base 11) to base 2
10000001110110101010110
113022001 (base 4) to base 7
543346
What is -23021342 (base 5) in base 16?
-31f35
Convert 100011202112 (base 3) to base 14.
49b73
211130202220 (base 4) to base 9
20421304
Convert 69d1 (base 15) to base 5.
1204341
Convert -16656b0 (base 13) to base 14.
-d65ad5
-10336528 (base 10) to base 11
-591aa94
2950854 (base 10) to base 16
2d06c6
What is -1150065 (base 7) in base 4?
-203301030
-1330233131 (base 4) to base 15
-a15cb
Convert -3441132004 (base 5) to base 7.
-122630033
-10210202112 (base 3) to base 9
-123675
What is -1647562 (base 8) in base 6?
-14134002
What is -32032010 (base 5) in base 3?
-111121021212
What is 13612054 (base 8) in base 15?
40e2a6
What is 2547473 (base 10) in base 6?
130333505
What is -91d957 (base 14) in base 11?
-28587a5
What is 13451317 (base 8) in base 12?
1024a3b
-41549 (base 10) to base 9
-62885
252123 (base 8) to base 15
1ac33
Convert -338807 (base 11) to base 13.
-15b275
What is -833ec (base 16) in base 5?
-114200310
Convert -3257b (base 12) to base 10.
-66479
Convert -1343212141 (base 5) to base 10.
-3491546
Convert 135723b (base 12) to base 5.
1441123331
What is d8584 (base 14) in base 7?
4304124
Convert -63666 (base 12) to base 13.
-47559
What is 511738 (base 9) in base 5?
34200022
What is 1691418 (base 11) in base 4?
22331002232
Convert 21324040 (base 6) to base 10.
633336
22112120210212 (base 3) to base 8
21240367
What is 1011100011101111111 (base 2) in base 6?
12041251
111111101011010110010 (base 2) to base 14
3c45b4
What is -246163 (base 10) in base 3?
-110111200011
Convert 1101110111000101101001 (base 2) to base 16.
377169
Convert 32855606 (base 9) to base 2.
111100101110111111100011
What is 2321022032 (base 4) in base 14?
15a566
-387ac (base 14) to base 5
-13414344
What is 75ad (base 14) in base 6?
234101
Convert 11010110011100 (base 2) to base 11.
a347
What is 2565437 (base 9) in base 16?
156298
What is -36c086 (base 15) in base 2?
-1010000000010000100101
Convert -158630 (base 11) to base 13.
-87a82
-111000101111101100 (base 2) to base 11
-149699
15880 (base 15) to base 4
100330230
-1625304 (base 8) to base 5
-110012300
424231 (base 6) to base 9
52471
-11111100101100011001 (base 2) to base 3
-1221120210120
What is 351580 (base 13) in base 9?
2330141
Convert -185b72 (base 13) to base 6.
-21044354
Convert -15217d (base 14) to base 5.
-142020244
Convert -11011110001110100101 (base 2) to base 11.
-571976
What is -5854386 (base 10) in base 15?
-7a9976
-73ac (base 13) to base 4
-3322130
What is 310020310 (base 4) in base 2?
110100001000110100
1225105 (base 10) to base 9
2266467
-12001202021012 (base 3) to base 15
-3827e2
Convert -755a7 (base 11) to base 15.
-22844
What is 86217 (base 15) in base 11?
270940
1433875 (base 13) to base 8
30337107
Convert -130110232230 (base 4) to base 6.
-423050420
What is -20777 (base 10) in base 9?
-31445
What is -342643 (base 7) in base 16?
-ee6c
What is -456552 (base 7) in base 2?
-10011111010100101
Convert -33041044 (base 5) to base 11.
-184330
What is -10002121120010 (base 3) in base 13?
-458130
29a5551 (base 12) to base 10
8428237
22121412 (base 5) to base 11
121373
Convert -101110110101010010000 (base 2) to base 8.
-5665220
Convert -374520 (base 8) to base 11.
-89210
Convert -50512450 (base 6) to base 8.
-5375316
67914 (base 12) to base 10
137824
Convert 10100011000000100010001 (base 2) to base 8.
24300421
What is -2212200011 (base 3) in base 2?
-1101110100101111
Convert 82a715 (base 14) to base 4.
100310032333
Convert 440600 (base 7) to base 11.
52a45
-71332 (base 9) to base 8
-133520
What is -10203032210 (base 4) in base 3?
-2020121022022
5a7984 (base 16) to base 8
26474604
-b89a (base 16) to base 3
-2101211022
What is -18b16 (base 15) in base 8?
-234371
-1110401120 (base 5) to base 3
-11120200112222
What is -1575274 (base 9) in base 13?
-248c41
What is -234510 (base 7) in base 11?
-29983
a530 (base 11) to base 7
55444
10622144 (base 7) to base 8
3430242
Convert -11123410002 (base 5) to base 7.
-206523526
Convert -251152512 (base 6) to base 9.
-10056358
Convert -1002202122 (base 3) to base 9.
-32678
What is -12014542 (base 6) in base 12?
-161452
What is 3311132321 (base 4) in base 16?
f57b9
What is -22171572 (base 8) in base 6?
-250245522
Convert -11111101100111001000 (base 2) to base 14.
-1d07d6
What is -9b9b (base 15) in base 7?
-165125
Convert 1c714d (base 16) to base 12.
75a865
Convert -43630 (base 8) to base 16.
-4798
Convert -101001110110110001001000 (base 2) to base 12.
-3811808
-36a6b (base 13) to base 6
-2053540
-9c78a (base 13) to base 6
-10034034
Convert -2640644 (base 7) to base 13.
-c169a
30012320002 (base 4) to base 14
5c8946
What is -24a76 (base 13) in base 2?
-10000100001110001
Convert 101303310 (base 4) to base 15.
16933
21780673 (base 9) to base 4
220103002302
-69057 (base 13) to base 14
-4d97d
Convert -596587 (base 13) to base 14.
-3d5552
Convert -17791 (base 14) to base 3.
-10000002202
What is -41d6e (base 16) in base 14?
-703ca
What is 26037 (base 13) in base 9?
116446
773437 (base 8) to base 5
31303441
-25acf4 (base 16) to base 7
-26662365
100012012022002 (base 3) to base 9
10165262
Convert 222304524 (base 6) to base 14.
7711d2
-4370341 (base 8